{"id":1109,"date":"2018-08-27T09:44:51","date_gmt":"2018-08-27T07:44:51","guid":{"rendered":"https:\/\/bildungsportal.sachsen.de\/microsite\/?page_id=1109"},"modified":"2020-03-04T10:09:35","modified_gmt":"2020-03-04T09:09:35","slug":"bildungsportal-sachsen","status":"publish","type":"page","link":"https:\/\/bildungsportal.sachsen.de\/impulse\/und-nun\/bildungsportal-sachsen\/","title":{"rendered":"Bildungsportal Sachsen"},"content":{"rendered":"<div  data-label=\"Bildungsportal Sachsen\" data-id=\"content--1\" data-export-id=\"content-12\" data-category=\"content\" class=\"content-12 content-section content-section-spacing\" id=\"bildungsportal-sachsen\" style=\"background-color: rgb(255, 255, 255); background-image: none;\"><div  class=\"gridContainer\"> <div  class=\"row text-center\"><div  class=\"section-title-col\" data-type=\"column\"> <h2  class=\"\">Initiative Bildungsportal Sachsen<\/h2> <p  class=\"lead\" style=\"text-align: left;\">Das Bildungsportal Sachsen ist seit 2001 die gemeinsame E-Learning-Initiative s\u00e4chsischer Hochschulen. Gestartet als Verbundprojekt im Jahr 2001, entwickelte sich das Vorhaben Bildungsportal Sachsen mit der Unterst\u00fctzung des S\u00e4chsischen Staatsministeriums f\u00fcr Wissenschaft und Kunst (SMWK) schnell zur gemeinsamen E-Learning-Landesinitiative der s\u00e4chsischen Hochschulen.\n<br ><br >\nUm die Projektergebnisse ab 2007 in eine nachhaltige Struktur zu \u00fcberf\u00fchren, wurde der im Jahr 2004 gegr\u00fcndeten BPS Bildungsportal Sachsen GmbH (BPS GmbH) \u2013 dem hochschuleigenen Systemdienstleister \u2013 von der Landesrektorenkonferenz Sachsen (LRK Sachsen) ein sachbezogener Arbeitskreis im Sinne eines wissenschaftlichen Beirates zur Seite gestellt.\n<br ><br >\nAls gemeinsames Gremium aller Hochschulen koordiniert der Arbeitskreis E-Learning der LRK Sachsen seither die Entwicklung des E-Learning in entscheidendem Ma\u00dfe, stellt den bedarfsgerechten, konzentrierten und effizienten Einsatz der zentralen F\u00f6rdermittel des SMWK im Sinne aller involvierten Einrichtungen sicher und bef\u00f6rdert die Integration und Verankerung digitaler Bildungsangebote auf vielf\u00e4ltige Weise an den Hochschulen im Freistaat Sachsen.\n<\/p><\/div> <\/div> <div  class=\"row center-xs middle-xs\"> <div  class=\"col-sm-9\" data-type=\"column\"> <\/div> <\/div><\/div> <\/div><div  data-label=\"Zitate\" data-id=\"testimonials--1\" data-export-id=\"testimonials-2\" data-category=\"testimonials\" class=\"testimonials-2 content-section content-section-spacing\" id=\"zitate\" style=\"background-color: rgb(255, 255, 255);\"><div  class=\"gridContainer\">  <div  class=\"row spaced-cols content-center-sm\" data-type=\"row\"> <div  class=\"col-xs-12 col-md-6 col-sm-6 \"> <div  class=\"card bottom-border-color1 no-shadow\" data-type=\"column\"> <i  class=\"fa icon quotation-icon fa-quote-right large color1\"><\/i> <p  class=\"\">\u201eDas Bildungsportal Sachsen ist als digitaler Bildungsraum der s\u00e4chsischen Hochschulen ein deutschlandweit einmaliger Schatz, dessen Nutzen auch f\u00fcr Schule und Arbeitsmarkt bisher noch zu wenig erschlossen ist.\u201c<\/p> <img  src=\"https:\/\/bildungsportal.sachsen.de\/impulse\/wp-content\/uploads\/2018\/09\/cropped-thomas_koehler.jpeg\" class=\"round icon\" alt=\"Portrait-Foto von Prof. Dr. Thomas K\u00f6hler\" title=\"Thomas K\u00f6hler\"> <h6  class=\"\">PROF. DR. THOMAS K\u00d6HLER<\/h6> <p  class=\"small italic\">TU Dresden, Fakult\u00e4t Erziehungswissenschaften | Direktor Medienzentrum | Sprecher des AK E-Learning der LRK Sachsen<\/p><\/div> <\/div>  <\/div> <\/div><\/div><div  data-label=\"Link BPS\" data-id=\"cta--2\" data-export-id=\"cta-blue-section\" data-category=\"cta\" class=\"cta-blue-section content-section content-section-spacing-medium bg-color1 white-text\" id=\"link-bps\"><div  class=\"gridContainer\"> <div  class=\"row middle-xs\"><div  class=\"col-sm-8 space-bottom-xs\" data-type=\"column\">  <p  class=\"\" style=\"text-align: left;\">IMPULS#E ist die Website f\u00fcr E-Learning-Einsteiger des Bildungsportal Sachsen. Auf der Haupt-Webpr\u00e4senz des Bildungsportal Sachsen finden Sie viele weitere Informationen zum Thema E-Learning. Ein Blick lohnt sich auf jeden Fall.<\/p><\/div> <div  class=\"col-sm-4 end-sm\" data-type=\"column\"> <a  class=\"button color2\" href=\"https:\/\/bildungsportal.sachsen.de\" target=\"_blank\" data-cp-link=\"1\" data-icon=\"\">BILDUNGSPORTAL SACHSEN WEBPR\u00c4SENZ<\/a><\/div> <\/div><\/div> <\/div><div  data-label=\"Content\" data-id=\"content--2\" data-export-id=\"content-12\" data-category=\"content\" class=\"content-12 content-section content-section-spacing\" id=\"content-1\" style=\"background-color: rgb(255, 255, 255); background-image: none;\"><div  class=\"gridContainer\"> <div  class=\"row text-center\"><div  class=\"section-title-col\" data-type=\"column\">  <p  class=\"lead\" style=\"text-align: left;\">Die Webpr\u00e4senz des Bildungsportal Sachsen enth\u00e4lt unter anderem regelm\u00e4\u00dfige News-Beitr\u00e4ge zum Thema E-Learning in Sachsen. In dieser \u00dcbersicht finden Sie die aktuellsten Beitr\u00e4ge. Ein Klick auf den jeweiligen Beitrag f\u00fchrt Sie zum News-Beitrag auf der Webpr\u00e4senz des Bildungsportal Sachsen.<\/p><\/div> <\/div> <div  class=\"row center-xs middle-xs\"> <div  class=\"col-sm-9\" data-type=\"column\"> <\/div> <\/div><\/div> <\/div><div  data-id=\"initial-content-section\" data-export-id=\"initial-content-section\" data-label=\"News\" id=\"news\" class=\"content-section content-section-spacing\" style=\"background-image: none; background-color: rgb(255, 255, 255);\">\n   <div  class=\"gridContainer\">\n     <div  class=\"row\">\n\n        <div  class=\"col-xs-12 col-sm-12\">                <div  data-label=\"Overlappable\" data-id=\"overlappable--2\" data-export-id=\"overlappable-1\" data-category=\"overlappable\" class=\"overlappable-1 content-section content-section-spacing\" data-overlap=\"true\" id=\"overlappable-2\" style=\"background-color: rgb(255, 255, 255); text-align: left;\">\n<div  class=\"gridContainer\">\n<div  data-type=\"row\" class=\"row shadow-medium flex-grow content-left-sm start-sm\">\n<div  data-type=\"column\" class=\"col-xs-12 col-sm-4 bg-color-white col-padding col-padding-small-xs\"> <i  class=\"fa icon fa-newspaper-o large color2\"><\/i> \n<h5  class=\"\">BILDUNGSPORTAL SACHSEN NEWS<\/h5>\n<p  class=\"\">Hier finden Sie die aktuellsten News-Beitr\u00e4ge zum Thema E-Learning in Sachsen.<\/p>\n<div  data-editable=\"true\" data-name=\"ope-custom-content-shortcode\" data-content-shortcode=\"wp-rss-aggregator links_after=&quot; &quot; pagination=&quot;off&quot; limit=&quot;7&quot;\" class=\"\"><div class=\"wp-rss-template-container\" data-wpra-template=\"default\" data-template-ctx=\"eyJsaW5rc19hZnRlciI6IiAiLCJwYWdpbmF0aW9uIjoib2ZmIiwibGltaXQiOiI3In0=\">\n    <div class=\"wp-rss-aggregator wpra-list-template  \" data-page=\"1\">\n    \n    \n<ul class=\"wpra-item-list rss-aggregator wpra-item-list--bullets wpra-item-list--default\"\n    start=\"1\">\n                        <li class=\"wpra-item feed-item \">\n            \n            \n\n    <a  href=\"https:\/\/bildungsportal.sachsen.de\/portal\/neue-publikation-des-stifterverbandes-ki-masterplan-2030\/\" target=\"_blank\" rel=\"nofollow\" class=\"\">Neue Publikation des Stifterverbandes: KI-Masterplan 2030<\/a>\n\n\n\n\n\n\n<div class=\"wprss-feed-meta\">\n            <span class=\"feed-source\">\n            vom\n\n                            Arbeitskreis E-Learning der LRK Sachsen\n                    <\/span>\n    \n            <span class=\"feed-date\">\n             14.04.2026\n        <\/span>\n    \n    <\/div>\n\n\n\n\n\n            \n        <\/li>\n                    <li class=\"wpra-item feed-item \">\n            \n            \n\n    <a  href=\"https:\/\/bildungsportal.sachsen.de\/portal\/geneme-2026-call-for-abstracts\/\" target=\"_blank\" rel=\"nofollow\" class=\"\">GeNeMe 2026: Call for Abstracts<\/a>\n\n\n\n\n\n\n<div class=\"wprss-feed-meta\">\n            <span class=\"feed-source\">\n            vom\n\n                            Arbeitskreis E-Learning der LRK Sachsen\n                    <\/span>\n    \n            <span class=\"feed-date\">\n             02.04.2026\n        <\/span>\n    \n    <\/div>\n\n\n\n\n\n            \n        <\/li>\n                    <li class=\"wpra-item feed-item \">\n            \n            \n\n    <a  href=\"https:\/\/bildungsportal.sachsen.de\/portal\/workshop-on-e-learning-2026-call-for-papers\/\" target=\"_blank\" rel=\"nofollow\" class=\"\">Workshop on e-Learning 2026: Call for Papers<\/a>\n\n\n\n\n\n\n<div class=\"wprss-feed-meta\">\n            <span class=\"feed-source\">\n            vom\n\n                            Arbeitskreis E-Learning der LRK Sachsen\n                    <\/span>\n    \n            <span class=\"feed-date\">\n             01.04.2026\n        <\/span>\n    \n    <\/div>\n\n\n\n\n\n            \n        <\/li>\n                    <li class=\"wpra-item feed-item \">\n            \n            \n\n    <a  href=\"https:\/\/bildungsportal.sachsen.de\/portal\/publikation-vorlaufstudie-zur-bedarfserhebung-zentraler-e-learning-infrastrukturen\/\" target=\"_blank\" rel=\"nofollow\" class=\"\">Publikation: Vorlaufstudie zur Bedarfserhebung zentraler E-Learning-Infrastrukturen<\/a>\n\n\n\n\n\n\n<div class=\"wprss-feed-meta\">\n            <span class=\"feed-source\">\n            vom\n\n                            Arbeitskreis E-Learning der LRK Sachsen\n                    <\/span>\n    \n            <span class=\"feed-date\">\n             27.03.2026\n        <\/span>\n    \n    <\/div>\n\n\n\n\n\n            \n        <\/li>\n                    <li class=\"wpra-item feed-item \">\n            \n            \n\n    <a  href=\"https:\/\/bildungsportal.sachsen.de\/portal\/opal-user-day-2026-einladung-zur-aktiven-mitgestaltung\/\" target=\"_blank\" rel=\"nofollow\" class=\"\">OPAL User Day 2026: Einladung zur aktiven Mitgestaltung<\/a>\n\n\n\n\n\n\n<div class=\"wprss-feed-meta\">\n            <span class=\"feed-source\">\n            vom\n\n                            Arbeitskreis E-Learning der LRK Sachsen\n                    <\/span>\n    \n            <span class=\"feed-date\">\n             23.03.2026\n        <\/span>\n    \n    <\/div>\n\n\n\n\n\n            \n        <\/li>\n                    <li class=\"wpra-item feed-item \">\n            \n            \n\n    <a  href=\"https:\/\/bildungsportal.sachsen.de\/portal\/publiziert-abschlussbericht-der-e-learning-hochschulvorhaben-2024-25\/\" target=\"_blank\" rel=\"nofollow\" class=\"\">Publiziert: Abschlussbericht der E-Learning-Hochschulvorhaben 2024\/25<\/a>\n\n\n\n\n\n\n<div class=\"wprss-feed-meta\">\n            <span class=\"feed-source\">\n            vom\n\n                            Arbeitskreis E-Learning der LRK Sachsen\n                    <\/span>\n    \n            <span class=\"feed-date\">\n             17.03.2026\n        <\/span>\n    \n    <\/div>\n\n\n\n\n\n            \n        <\/li>\n                    <li class=\"wpra-item feed-item \">\n            \n            \n\n    <a  href=\"https:\/\/bildungsportal.sachsen.de\/portal\/pressemitteilung-sachsens-hochschulen-mit-neuen-verbundprojekten-zur-digitalen-lehre\/\" target=\"_blank\" rel=\"nofollow\" class=\"\">Pressemitteilung: Sachsens Hochschulen mit neuen Verbundprojekten zur digitalen Lehre<\/a>\n\n\n\n\n\n\n<div class=\"wprss-feed-meta\">\n            <span class=\"feed-source\">\n            vom\n\n                            Arbeitskreis E-Learning der LRK Sachsen\n                    <\/span>\n    \n            <span class=\"feed-date\">\n             13.03.2026\n        <\/span>\n    \n    <\/div>\n\n\n\n\n\n            \n        <\/li>\n        <\/ul>\n\n        \n<\/div>\n\n<\/div>\n<\/div>\n<p  class=\"\" style=\"text-align: left;\">Alle News-Beitr\u00e4ge finden Sie unter folgendem Link: <a  data-mce-href=\"..\/..\/..\/portal\/parentpage\/news\/\" href=\"..\/..\/..\/portal\/parentpage\/news\" target=\"_self\" data-mce-selected=\"inline-boundary\" data-cp-link=\"1\" class=\"\">News-Beitr\u00e4ge Bildungsportal Sachsen<\/a><\/p>\n<\/div><\/div>\n<\/div><\/div>\n\n          <\/div>\n      <\/div>\n  <\/div>\n<\/div><div data-label=\"Cta Newsletter\" data-id=\"cta--3\" data-export-id=\"cta-blue-section\" data-category=\"cta\" class=\"cta-blue-section content-section content-section-spacing-medium bg-color1 white-text content-relative\" id=\"cta-newsletter\" ><div class=\"gridContainer\" > <div class=\"row middle-xs\" ><div class=\"col-sm-8 space-bottom-xs\" data-type=\"column\" >  <p  class=\"\">Abonnieren Sie den Newsletter von Bildungsportal Sachsen, um immer bestens \u00fcber aktuelle Neuigkeiten informiert zu sein.<\/p><\/div> <div class=\"col-sm-4 end-sm\" data-type=\"column\" > <a class=\"button color2\" href=\"https:\/\/bildungsportal.sachsen.de\/portal\/newsletter\"  target=\"_blank\" data-cp-link=\"1\" data-icon=\"\">NEWSLETTER ABONNIEREN<\/a><\/div> <\/div><\/div> <\/div><div  data-label=\"Content\" data-id=\"content--3\" data-export-id=\"content-12\" data-category=\"content\" class=\"content-12 content-section content-section-spacing\" id=\"content-2\" style=\"background-color: rgb(239, 239, 239); background-image: none;\"><div  class=\"gridContainer\"> <div  class=\"row text-center\"><div  class=\"section-title-col\" data-type=\"column\"> <h2  class=\"\">Mehr zum Thema E-Learning<\/h2> <p  class=\"lead\">Auf der Webpr\u00e4senz des Bildungsportal Sachsen finden Sie weitere E-Learning-Grundlagen, Informationen zu den verschiedenen beteiligten Institutionen und F\u00f6rderprojekten sowie eine Auswahl an Publikationen zum Thema E-Learning.<\/p><a  class=\"button color2\" href=\"https:\/\/bildungsportal.sachsen.de\" target=\"_blank\" data-cp-link=\"1\" data-icon=\"\">ZUM BILDUNGSPORTAL SACHSEN<\/a><\/div> <\/div> <div  class=\"row center-xs middle-xs\"> <div  class=\"col-sm-9\" data-type=\"column\"> <\/div> <\/div><\/div> <\/div>","protected":false},"excerpt":{"rendered":"<p>Initiative Bildungsportal Sachsen Das Bildungsportal Sachsen ist seit 2001 die gemeinsame E-Learning-Initiative s\u00e4chsischer Hochschulen. Gestartet als Verbundprojekt im Jahr 2001, entwickelte sich das Vorhaben Bildungsportal Sachsen mit der Unterst\u00fctzung des S\u00e4chsischen Staatsministeriums f\u00fcr Wissenschaft und Kunst (SMWK) schnell zur gemeinsamen E-Learning-Landesinitiative der s\u00e4chsischen Hochschulen. Um die Projektergebnisse ab 2007 in eine nachhaltige Struktur zu \u00fcberf\u00fchren,&hellip; <br \/> <a class=\"read-more\" href=\"https:\/\/bildungsportal.sachsen.de\/impulse\/und-nun\/bildungsportal-sachsen\/\">Read more<\/a><\/p>\n","protected":false},"author":5,"featured_media":0,"parent":216,"menu_order":0,"comment_status":"closed","ping_status":"closed","template":"pro\/page-templates\/full-width-page.php","meta":[],"_links":{"self":[{"href":"https:\/\/bildungsportal.sachsen.de\/impulse\/wp-json\/wp\/v2\/pages\/1109"}],"collection":[{"href":"https:\/\/bildungsportal.sachsen.de\/impulse\/wp-json\/wp\/v2\/pages"}],"about":[{"href":"https:\/\/bildungsportal.sachsen.de\/impulse\/wp-json\/wp\/v2\/types\/page"}],"author":[{"embeddable":true,"href":"https:\/\/bildungsportal.sachsen.de\/impulse\/wp-json\/wp\/v2\/users\/5"}],"replies":[{"embeddable":true,"href":"https:\/\/bildungsportal.sachsen.de\/impulse\/wp-json\/wp\/v2\/comments?post=1109"}],"version-history":[{"count":31,"href":"https:\/\/bildungsportal.sachsen.de\/impulse\/wp-json\/wp\/v2\/pages\/1109\/revisions"}],"predecessor-version":[{"id":5202,"href":"https:\/\/bildungsportal.sachsen.de\/impulse\/wp-json\/wp\/v2\/pages\/1109\/revisions\/5202"}],"up":[{"embeddable":true,"href":"https:\/\/bildungsportal.sachsen.de\/impulse\/wp-json\/wp\/v2\/pages\/216"}],"wp:attachment":[{"href":"https:\/\/bildungsportal.sachsen.de\/impulse\/wp-json\/wp\/v2\/media?parent=1109"}],"curies":[{"name":"wp","href":"https:\/\/api.w.org\/{rel}","templated":true}]}}